e (0 - -4) + (5 - 9).
0
-1 + 4 + -5 - (-4 + 2)
0
11 - (27 - 3 - 6)
-7
Calculate (2 - 2) + (3 - 8).
-5
Calculate (-4 + 4 + -2 - -10) + -3.
5
(-4 - -3) + -1 + (36 - 36)
-2
Calculate -4 - -9 - ((15 - 4) + -16).
10
Evaluate 3 - 1 - (-27 + 23).
6
Evaluate -1 + 8 + -5 + 3.
5
What is the value of -6 + -1 + 10 - -1?
4
What is the value of 2 + (-2 - (-8 - -4))?
4
What is 475 + -482 + (4 - (1 - 0))?
-4
What is the value of (26 - 36) + -3 + 14?
1
What is the value of -8 + (3 - 7 - -10)?
-2
Evaluate 1 - 4 - (-1 - 3).
1
What is (-8 - -3) + 1 + 7?
3
Calculate 4 - (8 + (8 + -3 - 11)).
2
Evaluate 4 + 1 + 0 + -56 + 51.
0
What is the value of -4 + -3 + 5 - -4?
2
What is the value of 247 + -238 - (20 + -1)?
-10
Calculate 9 + (-5 - -3) - (6 - 3).
4
18 - 20 - (-1 - 0 - 5)
4
Evaluate 7 + -2 - ((7 - 10) + 4).
4
2 - (-6 + 5) - 0
3
Calculate -2 + 9 + (3 - 8).
2
What is the value of -6 + (6 - (-6 - -5))?
1
(8 + -15 - -17) + -5
5
1 + -3 + (-3 - -2)
-3
-10 + (10 + -1 - 5)
-6
Calculate (3 - (-3 + 3) - 1) + 2.
4
Calculate -6 - 0 - 7 - -14.
1
Evaluate -1 - -5 - 2 - 3.
-1
Evaluate 1 - ((0 - -3) + 0 + 2).
-4
Evaluate -1 + (1 - 5) + (0 - -3).
-2
What is (-2 - 6) + 7 - -6?
5
1 + 0 - 3 - (-3 + 4)
-3
Evaluate 4 + (0 - 2) + -9 + 11.
4
-3 - 1 - -6 - (-2 - -10)
-6
What is the value of 2 + (-2 - (-4 + 6))?
-2
Evaluate -5 + 4 + -2 + 4 + -2.
-1
Evaluate 14 - (3 - (-12 + (8 - 0))).
7
What is the value of -7 - (7 + -20 - -8)?
-2
What is 2 + 6 - (7 + 7)?
-6
(4 - -2 - -7) + -8
5
Evaluate (0 + -5 + 9 - 4) + 4.
4
Evaluate (-15 - -7) + 8 + (1 - -5).
6
Evaluate -3 - -3 - (-5 + (23 - 9)).
-9
What is the value of -2 + -3 + 4 + -3 + 2?
-2
What is -2 + 0 + 1 - (44 - 39)?
-6
What is 13 + -10 - (-3 + 7)?
-1
Calculate -10 - -11 - (3 + -9 + 1).
6
Calculate -7 + 0 + 4 - (-6 - 1).
4
Evaluate -2 - (-10 - (-5 + -3)).
0
Evaluate -2 - -8 - (-1 + 4).
3
(3 - (11 - 10)) + -2
0
What is the value of -3 - 1 - (0 - 0)?
-4
Evaluate 1 + (1 + -2 - 2) - -1.
-1
Evaluate (1 - 1) + -14 + 6.
-8
Evaluate (-6 + 6 + -4 - -1) + 1.
-2
What is the value of 4 - 2 - -1 - (52 - 44)?
-5
Calculate -26 + 32 + (-13 - -5).
-2
Evaluate (-7 - -7 - (1 + 0)) + -2.
-3
Calculate 0 + -1 + (-4 - (-8 + 0)).
3
5 + (8 - 6 - 4)
3
What is -1 + -6 + 5 + 2?
0
Evaluate (-7 + 12 - 0 - 9) + -6.
-10
What is 7 - (-3 + (4 - 3) + 4)?
5
Evaluate -2 + (1 - 1 - (4 - 1)).
-5
Calculate 1 - (1 + 5) - -9.
4
What is the value of -2 - (-2 + (-4 - -3))?
1
Calculate -2 + -6 + 11 + 1.
4
What is -8 - -2 - (-12 - (14 + -24))?
-4
7 + (-13 - -2 - (-6 + -1))
3
-6 + (-5 - -13) + -9
-7
Calculate 4 - ((0 - -1) + -1).
4
Evaluate (26 - 16) + (-4 - 1).
5
Calculate 0 - ((6 + -3 - 5) + 3).
-1
Calculate 0 + 0 - (4 + 2).
-6
4 + (1 - (11 + -4 + -1))
-1
Calculate (1 - 0) + 1 + (-24 - -27).
5
(2 - -2) + (3 + 3 - 7)
3
-4 + (0 - (-1 + 0) - -2)
-1
Calculate -8 + -4 + 9 + -8 + 2.
-9
Evaluate -1 + -1 + 0 + 4 + -2.
0
-5 + (-9 - -4) - -16
6
What is (2 - 5) + (1 - (-2 + -1))?
1
Calculate 4 + -17 + 3 + 7.
-3
Calculate -2 - 1 - (5 - 3 - 2).
-3
Calculate 3 - (-1 + (0 - (0 - 3))).
1
What is -11 + 3 + (-3 - -2)?
-9
Calculate 7 + -7 - 5 - -6.
1
Evaluate 13 - 9 - (-2 - -7).
-1
-2 + -3 + 12 + -7
0
What is 10 + (-9 - (-2 - 5))?
8
What is 0 + -2 + -10 + 13?
1
Calculate -2 - (2 + 1 + -8).
3
Evaluate 1 + -2 - (-6 - -5).
0
Evaluate (-6 - -1) + -2 + 9 + 3.
5
What is -4 - -1 - (-3 + -2) - 4?
-2
42 - 44 - (-1 - (-2 + -3))
-6
What is -23 - -29 - (1 + 6)?
-1
-7 - (4 - (7 - 0))
-4
Calculate -1 + (4 - (3 - (0 - -3))).
3
What is the value of (6 + -5 - -5 - 5) + 3?
4
What is the value of 3 - 4 - (39 - 29)?
-11
What is the value of 6 + -20 + 4 + 0 + 4?
-6
0 + (-4 - 0) - 0
-4
Evaluate 0 + -1 + 6 + -1 + -1.
3
5 - (-1 + 3 + (3 - 1))
1
-7 + (8 + -3 - (1 + 3))
-6
What is the value of (0 - (-6 + 7)) + -2?
-3
What is -7 + -4 + -9 + 17?
-3
Evaluate 4 + 1 + (-2 - 2).
1
What is the value of 29 + -38 + (0 - -4 - 1)?
-6
7 + (0 - 6) + 2
3
What is the value of -4 + (-1 + 4 - -4)?
3
What is the value of -2 + 1 + (-29 - -26)?
-4
Calculate -6 + (1 - (5 - 0 - 5)).
-5
Calculate -1 - 5 - (-14 - 0 - -14).
-6
Evaluate -3 + 6 + (0 - -2).
5
-8 - (-9 + 0 + 7)
-6
Evaluate 1 + -1 + -6 + 9.
3
What is the value of (-3 + 9 - -5) + -6?
5
What is (-10 - 0) + 13 + -12?
-9
What is -6 + (2 + -5 - (10 - 14))?
-5
10 + 0 - (18 - 9)
1
Calculate (7 - (2 - 1)) + -5.
1
Calculate -6 + 4 + 0 + 0 + 0.
-2
Calculate 1 - (3 - (-4 + (8 - 5))).
-3
Evaluate -3 - (7 + -6 + -1).
-3
What is the value of 5 - ((8 - -3) + (6 - 5))?
-7
What is -3 + 1 + (1 - 2 - -4)?
1
What is the value of (-6 - (1 - 8) - 1) + -3?
-3
What is the value of 4 + (-4 - (5 + 4 + -9))?
0
What is the value of -4 + (4 + 0 - 0)?
0
What is 2 + (2 - 1) + 2?
5
-6 - (-4 + 9 - 4)
-7
What is the value of 4 - (5 - 1 - (23 - 21))?
2
Evaluate -2 - (-1 + 1 + (2 - 2)).
-2
Calculate -4 - (3 - 4) - (-7 - -4).
0
Calculate -23 + 9 + 10 + -4 + 1.
-7
What is -1 - (-1 - (0 + 3 - -1))?
4
Evaluate 0 - -7 - (-1 - (5 + -6)).
7
What is 17 + -16 - (4 + 1 + -2)?
-2
Evaluate (-22 - -10) + -1 - -5.
-8
6 + -4 + -4 + -2 + 0
-4
-3 + (-12 - -12 - (-3 + 1))
-1
What is the value of -1 + (16 - 11) + -7 + 2?
-1
Evaluate 27 - 25 - (2 + -4 + 2).
2
What is 1 - (1 + -6 - (10 - 14))?
2
Evaluate -4 + -2 + 4 + 0.
-2
Calculate -1 - ((0 - -2) + -5).
2
What is the value of -13 - -8 - (7 - 6)?
-6
Calculate 16 - (11 - (-8 + 10)).
7
What is 1 + (-2 - -3) - (-47 + 47)?
2
What is 3 + -2 + 0 - 3?
-2
-1 + (-1 + 1 - (-2 + 7))
-6
Evaluate -1 - (2 - -2) - -13.
8
-7 - 2 - (3 - (8 + -1))
-5
Evaluate -2 + (-3 - -6) + -3.
-2
Evaluate -1 + -2 + 0 + 6.
3
Evaluate -1 + (-6 - -5 - -3).
1
What is -31 + 35 - (-1 - -1)?
4
0 + 1 - (1 + 1 + 0)
-1
Evaluate 0 + -1 - (-9 - (-21 - -10)).
-3
Evaluate -13 + 2 - (-5 + 0).
-6
Calculate -11 + -3 + 10 - (6 + -8).
-2
Calculate 0 + 0 + -3 - (-3 + -3).
3
Evaluate 1 + 0 - (-1 - 1).
3
Calculate (-53 - -54) + 0 + 5 + 1.
7
Calculate (8 - -3 - 21) + 14.
4
What is 23 - (1 + 1) - 8 - 2?
11
-1 + -3 + -4 + (14 - 7)
-1
What is the value of 16 - 15 - (2 + -1) - -5?
5
Calculate (-5 - (11 + -4 + -10)) + 4.
2
Calculate (2 - 9) + (-5 + -1 - -8).
-5
Calculate 223 + -228 - (-1 + 1 + -10).
5
What is -1 + -2 + 4 - 1?
0
What is the value of 6 + (-4 - (-3 + 3)) + -4?
-2
What is (-4 - -2) + (1 + 7 - 0)?
6
What is the value of (0 - (-6 + (-1 - -18))) + 6?
-5
What is the value of -5 + -10 + 17 + (0 - -2)?
4
Calculate 11 + 1 + (75 - 80) - 7.
0
What is the value of 1 + (0 - 4) + -5?
-8
What is the value of 5 - (3 - (-5 + -3 + 10))?
4
Calculate 3 + (-3 - (-2 + -4)).
6
Calculate 2 + (91 + -90 - (1 - -5)).
-3
What is (-5 - -1) + (3 - -2)?
1
What is the value of -1 - (1 - 0 - (1 - 1))?
-2
What is the value of -2 - (-1 + -2 + (1 - -2))?
-2
What is the value of (-4 - (-9 - -7)) + -1 + 3?
0
What is the value of -2 + (1 + 2 - (-4 - -1))?
4
Evaluate -2 + -3 + -12 + 6 + 2.
-9
Evaluate 0 + -3 + 7 + 4 + -5.
3
2 - (0 + -1) - (3 - 2)
2
Calculate -3 - (4 + -5) - -5.
3
3 - (-2 + 7 + -2)
0
-7 + (20 - 7) + 4
10
What is 2 + (17 - 11 - 2)?
6
What is the value of 3 - (2 + 9 + -4)?
-4
0 + -2 + 0 + (8 - 9)
-3
What is the value of (-2 - 6) + 2 - -4?
-2
Calculate (-19 - -18) + (-1 - -2 - 5).
-5
Evaluate 13 + -9 - (12 - (3 + -1)).
-6
Calculate 0 + 2 - 2 - (52 + -52).
0
1 + 4 - (17 - 14) - 2
0
What is the value of 4 + -10 + -5 + 1 + 9?
-1
What is -1 + -3 + 0 + (-66 - -62)?
-8
What is (-7 - -5) + -4 + 9?
3
Evaluate 18 + -13 - (7 + -1).
-1
What is the value of (2 + -6 - 1) + 3 + -1?
-3
What is the value of 11 + -4 + 6 + -5?
8
(-1 - 3) + 2 + -2 + 3
-1
-24 + 24 - (3 - (0 - 1))
-4
Evaluate 14 + -7 - (-1 - -2 - -2).
4
What is 8 + (-3 - 7) + (9 - -2)?
9
What is -8 + 3 + 7 + 1?
3
What is the value of -3 + (-3 - (1 - 3))?
-4
Evaluate 0 + 4 - (-2 + 1).
5
What is -4 - (0 + 1 + (6 - 6))?
-5
What is the value of -33 + 39 - (-1 - -12)?
-5
Calculate 2 + (-4 - -1) + -2 + -6.
-9
What is the value of -3 - (-1 - (1 + -3 + -1))?
-5
What is (-6 + 8 - 15) + 8?
-5
-3 + 1 + 1 + 13 + -17
-5
Evaluate 4 - 1 - (-1 + (3 - 2)).
3
-43 + 47 - (3 + 1)
0
Calculate 4 + (3 - (2 + 2 + 0)).
3
What is (3 - -1 - 0) + (1 - 4)?
1
Evaluate 7 + -1 + (-26 - -20).
0
What is the value of (0 - -1) + -6 - -10?
5
Evaluate (4 + -6 - 1) + 1 + 1.
-1
What is -1 + 0 - -8 - (0 - -3)?
4
What is -17 + 4 + 3 + (-7 - -11)?
-6
Calculate 3 - (14 - 24) - 5.
8
Calculate (-17 - (-3 - -9)) + 12.
-11
What is (-3 - (4 - 4)) + 8?
5
What is (5 + 